se -m + 1 = -d. Let k(i) = 4*i + 7. Let o(y) = -6*y - 11. Let f(h) = m*o(h) + 8*k(h). Determine f(-1).
-1
Let g(n) = n - 4. Let h = 10 + -2. Let o be g(h). Let s(i) = -2*i**2 + 7*i - 5. Give s(o).
-9
Let b(m) = -13*m - 1. Let x(w) = -3*w. Let o(t) = -4*b(t) + 18*x(t). Calculate o(6).
-8
Let x(d) = -3*d + 2*d - 6 - d**3 + 3*d**2 + 6*d. Suppose -r = 5*h - 15, 3*h + 7 = r + 24. Determine x(h).
-2
Let u(m) = -2*m + 1. Let a = 6 - 0. Determine u(a).
-11
Let p(a) be the second derivative of -a**3/6 - 23*a. Suppose q = -3*q + 8, -10 = -b - 4*q. Calculate p(b).
-2
Let l(s) = -8*s**3 - 12*s**2 + 8*s - 5. Let w(h) = 7*h**3 + 11*h**2 - 7*h + 4. Let u(q) = -6*l(q) - 7*w(q). Give u(-5).
-3
Let q = 411 + -409. Let r(i) = 5*i + 0*i - 2*i + 2*i**2 - 1. Determine r(q).
13
Let c(z) = z**2 + 2*z - 7. Let l(n) = -n**3 - 4*n**2 + 7*n + 5. Let f be l(-5). Determine c(f).
8
Suppose 2*a + 17 = 5*q, -2*a = 3*q - q - 4. Let f be (a/(-4))/((-4)/(-16)). Let u(j) = f - 2 + 0 + 5*j - j**2. What is u(4)?
3
Let w(p) = p**2 + p - 2. Suppose 0*g = -3*g - 9. Calculate w(g).
4
Let m(h) be the first derivative of -7*h**3/3 + h + 8. What is m(-1)?
-6
Suppose -3 - 3 = -3*j. Let l(u) be the third derivative of u**4/8 - u**3/6 - 2*u**2. Give l(j).
5
Let z(s) = s**3 + s**2 + s + 1. Let y(q) = -5*q**3 - q**2 - 7*q - 1. Let k(x) = -y(x) - 4*z(x). Suppose o + 4 = 6*g - 3*g, 2*o - 2*g = 0. What is k(o)?
-1
Let n(g) = -g**3 + 6*g**2 + g + 5. Suppose -3*y + 6 + 12 = 0. Give n(y).
11
Let l = 15 - 9. Let h(z) = -z - 1. Let t(a) = -a**2 + 3*a. Let s(g) = -2*h(g) + t(g). What is s(l)?
-4
Suppose 7*r - 33 - 37 = 0. Let t(y) = y**2 - 11*y + 6. What is t(r)?
-4
Let t(m) = -m**3 + 7*m**2 - 4*m - 6. Let j be (-1 - 2)*(-15)/9. Suppose 0 = -4*n - 4, 6*n = j*g + 3*n - 33. Determine t(g).
6
Let l(q) = q**2 + 7*q + 11. Let o(a) = a**2 + 8*a + 9. Let z(t) = -t**2 - 8*t - 8. Let f(r) = 4*o(r) + 3*z(r). Let w(x) = -5*f(x) + 6*l(x). Give w(-4).
14
Let b(n) = -6*n**2. Suppose 0 = -4*w - 0 - 4. What is b(w)?
-6
Let q = 0 - 0. Let u(l) = l**3 - 11*l**2 - 13*l + 15. Let p be u(12). Let n(d) = d + 0*d**3 + 9 - d**p - d**2 - 6. Determine n(q).
3
Let l(y) = 4*y - 3. Let r(p) = p**2 - 5*p + 3. Let x be r(5). Give l(x).
9
Let j(v) = -15*v**3 - 2*v**2 + 1. Suppose 6 - 2 = 4*p. Calculate j(p).
-16
Let f(m) be the first derivative of m**4/12 - m**3/3 + 5*m**2/2 - 7*m - 7. Let x(d) be the first derivative of f(d). Determine x(4).
13
Let t(c) = c**3 + c**2 - 2*c + 2. Let x be t(0). Let l(n) be the first derivative of n**4/4 - 2*n**3/3 - 3*n**2/2 + n - 2. Determine l(x).
-5
Let g(v) be the third derivative of 0*v + 1/6*v**4 + 3*v**2 - 1/6*v**3 + 0. Determine g(1).
3
Let v(k) = k**3 - 2*k + k - k - 1 + 4*k**2. Let r be v(-4). Let q(b) = b**2 - 7*b + 1. Give q(r).
1
Suppose -5*h - 24 = -14. Let m(t) = 2*t + 2. Determine m(h).
-2
Suppose -8 = -3*q + q. Suppose -r - q = -2*r. Let a(y) = -3*y + r*y - y + 6*y. Give a(-2).
-12
Let r = -3 - -6. Suppose 17*p - 6 = 15*p. Let h(y) = 5 + 3*y - p + 1. What is h(r)?
12
Let m(s) = -s - 1. Let o be (-36)/84 + 25/(-7). Let n be m(o). Let c(j) = -1 + 0*j + 3*j + 0. Calculate c(n).
8
Let o(c) = c**3 + 8*c**2 + 2. Let k be -1*(-2 + 2 - -8). Let s be o(k). Suppose -20 = 3*u + s*u. Let l(w) = -w - 3. Give l(u).
1
Suppose -134*b - 8 = -132*b. Let u(g) = g**2 + 4*g. Give u(b).
0
Let o(c) = -6*c + 0*c + 4 - 2*c**2 + 3*c**2. Let t be 1/(4 - 5)*-6. Determine o(t).
4
Let o(f) = -f**3 + 10*f**2 + f - 7. Let v be o(10). Let r(x) = 6*x**3 - 4*x**v - x - 6 - x**3. What is r(0)?
-6
Let g(a) = a**3 - 3*a**2 - 2*a - 3. Let c = 70 + -67. Determine g(c).
-9
Let p = -6 - -2. Let x(f) = -13*f + 1. Let a(h) = 39*h - 3. Let s(w) = p*a(w) - 11*x(w). Let g(r) = -r**3 - 2*r**2 + 4*r + 4. Let q be g(-3). Determine s(q).
-12
Suppose 5*d - 3*a + 6*a = 5, 0 = 5*d - 4*a - 40. Let c(i) = -2*i + 2. What is c(d)?
-6
Let h(d) = -d - 5*d + d - 1. Let f(s) = s**3 - 8*s**2 - s + 6. Let t be f(8). Determine h(t).
9
Suppose 5*q - 2*g + 13 = 2*q, -q = -4*g + 1. Let f(o) = -o**2 - 11*o**2 + 6*o**2 - 4*o - 5 - o**3. Determine f(q).
-10
Let y(o) be the third derivative of o**6/120 - o**5/20 - o**4/24 + o**3/6 + 2*o**2. Let i(x) = -x**2 - 10*x - 13. Let l be i(-8). What is y(l)?
-2
Let j(y) = -5*y**3 - 8*y**2 - 3*y - 7. Let p(v) = v**3 + v**2 + 1. Let z(s) = -j(s) - 4*p(s). Give z(-3).
3
Let g(a) = 3*a**2 + 5*a - 1. Let d be g(-5). Let u(z) = z**3 + 1 - 48*z + 5*z**2 - 4 + d*z. Determine u(-4).
9
Let x(t) be the first derivative of t**4/12 - 2*t**3/3 + 3*t**2/2 - 3. Let w(y) be the second derivative of x(y). What is w(3)?
2
Let t(b) = b + 5. Let g = -4 + 5. Suppose -5*a = -f + 21, 3*a = 2*a - 3. Let k be g/(-3) + 2/f. Give t(k).
5
Let t(d) = -3*d + 4. Suppose -6*x - 9 = -9*x. Calculate t(x).
-5
Let r(p) = -p**3 - 11*p**2 + 4. Let s be r(-11). Let k(d) = d + 11. Let g(v) = -v - 6. Let n(x) = s*k(x) + 7*g(x). What is n(2)?
-4
Let g(t) = 2*t**3 + 3*t**2 + t - 1. Let h(f) = -f**3 - 5*f**2 - 4*f - 2. Let l be h(-4). What is g(l)?
-7
Let w(m) = 6*m**2 - 2*m - 1. Let b(t) = -t**3 - 2 + 1 + 2*t**3 + 2*t - t**2 - 4*t. Suppose 0 = -j - 5*x - 1, 6*j - 3*x + 4 = 2*j. Let n be b(j). Determine w(n).
7
Let c be ((-20)/(-8) - 3)*0. Let p(z) be the second derivative of c + 0*z**2 + 1/6*z**3 - 5/12*z**4 - z. What is p(-1)?
-6
Let r = 15 - 13. Let m be (2 - r) + (-3 - -8). Let h(b) = 3*b**2 + 5*b - 4. Let o(c) = 5*c**2 + 10*c - 8. Let l(n) = -7*h(n) + 4*o(n). Determine l(m).
-4
Let q be (3/2 - 2)*8. Let u = 6 + q. Suppose 0 = -5*h - u - 8. Let m(n) = -n**2 - n + 2. Give m(h).
0
Let t(u) = 6*u + 2 + 9*u**2 + 13*u**2 - 21*u**2. What is t(-6)?
2
Let x = 1 - -2. Let s(b) = 0 + x*b**2 - 2*b**2 + 0 + b. What is s(0)?
0
Let x(m) = 2*m**2 + 4*m + 4. Let b = -4 + 1. What is x(b)?
10
Let t(q) = -q**3 + 3*q**2 + 8*q - 4. Suppose 3*b - 20 = -2*j + 2, -4*j = 3*b - 32. Determine t(j).
-14
Let v be (-6)/5*(-5)/2. Suppose -v*u + 4*j = 0, 7 - 2 = -u + 3*j. Let p(a) = u*a**2 - 4*a**2 + a**2 + 1. What is p(1)?
2
Suppose 5*d - 5 = l, 4*l - 4*d + 3*d = -20. Let i(y) = y + 6. Determine i(l).
1
Let w(r) = -5*r**2 + r - 5. Let b(h) = 14*h**2 - 4*h + 14. Let o = 24 + -13. Let p(x) = o*w(x) + 4*b(x). Determine p(6).
7
Let j = -34 - -36. Let q(o) be the third derivative of 0*o + 2/3*o**3 - 1/24*o**4 + o**2 + 0. Calculate q(j).
2
Let u = -1 - -8. Suppose 0*t = -5*t - 25, 5*t = -3*h - u. Let r(w) = -w**3 + 7*w**2 - 7*w. Give r(h).
-6
Let z(x) be the second derivative of -x**5/20 - x**4/3 + 3*x**2/2 + 4*x. Let o = 27 + -31. What is z(o)?
3
Let p(r) = 5*r**2 - 31*r + 16. Let w(v) = v**2 - 6*v + 3. Suppose 4 = -0*z + 2*z. Let d(m) = z*p(m) - 11*w(m). What is d(5)?
-6
Let y be (3 - 66/12)/(1/2). Let q(g) = g + 6. Calculate q(y).
1
Let h(b) = -23*b**3 - 7*b**2 - 11*b - 2. Suppose -4*t = 13 + 11. Let i(m) = -12*m**3 - 4*m**2 - 6*m - 1. Let p(n) = t*h(n) + 11*i(n). Determine p(-1).
-7
Let m(l) be the first derivative of -l**2 + l - 1. Give m(-5).
11
Let k(w) = w**3 - w - 1. Let d be (-2)/(-18) + (-4)/36. Calculate k(d).
-1
Let g be 0/1 + 4 + 1. Suppose g*s - 3 = 7. Let i(b) = 14 - 4 + 3*b - s*b - 2*b. Calculate i(5).
5
Let i(d) be the second derivative of 3*d + 1/20*d**5 + 1/2*d**2 + 0 - 1/6*d**4 - 2/3*d**3. Let s(n) = 3*n - 3. Let b be s(2). Give i(b).
-2
Let s(d) = 42*d - 21*d - 22*d. Suppose -3*w + 7*w = -20. Determine s(w).
5
Let f(o) be the first derivative of 7*o**2/2 - o + 2. What is f(2)?
13
Let r(z) be the third derivative of 1/40*z**5 + 0*z + 1/8*z**4 + 3*z**2 + 0 + 0*z**3 - 1/720*z**6. Let w(k) be the second derivative of r(k). Determine w(-4).
7
Let f(y) = -5*y**3 - 40*y - 6 + 20 + 25*y**2 + 15*y. Let n(l) = -l**3 + 5*l**2 - 5*l + 3. Let u(t) = 2*f(t) - 11*n(t). Calculate u(4).
-1
Let c(s) = -s**3 + 5*s**2 - s + 6. Let j = 61 + -56. Determine c(j).
1
Let l(s) = -1 - 7*s**2 - s**2 + 7*s**2. Let v be (-3)/(-4) + (-2)/(-8). Give l(v).
-2
Let l(u) = u**3 - 10*u**2 + 10*u - 7. Let t be l(9). Let j(h) = 2*h + t - 3 + 0. Give j(-4).
-9
Let r(d) = 4 - d**3 - 13*d**2 + 9*d**2 + 2*d**3. Let q(k) = k**3 - k**2 - k + 4. Let n be q(0). Calculate r(n).
4
Let r(g) be the second derivative of -g**4/12 - g**3/3 - g**2 - 4*g. Suppose 4*q = -0*q. Let n = q - 4. Give r(n).
-10
Let y(w) be the second derivative of w**3/6 + w**2 - w. Let r be y(0). Let v(c) be the third derivative of -c**4/6 -